85 = -5*x, 159 = 2*s + 5*x - 82. What are the prime factors of s?
2, 59
Let x(b) = b**3 - 6 + 16*b**2 - 23*b**2 + 4*b - b. Let d be x(7). Let j = d - 9. List the prime factors of j.
2, 3
Suppose -15 = -4*s + s. Suppose 3*h - 7 = 5, 0 = s*r + 4*h - 136. What are the prime factors of r?
2, 3
Suppose -31 = 5*h + 29. Let k(x) = 2*x + 14 - x + 0. List the prime factors of k(h).
2
Let t(q) = 7*q**3 + 2*q**2 + q - 2. Let s be t(-2). What are the prime factors of 4/26 + (-252)/s?
5
Let g(i) = -i**3 + 5*i**2 + 8*i - 7. Let z be g(6). Suppose -z*o + o - 16 = 0. List the prime factors of 2/o + 14/4.
3
Let v = 136 - 83. What are the prime factors of v?
53
Let r(q) = -q - 1. Let m(x) = 1. Suppose 0 = -2*c - 3*u - 2, 4*c + 3*u = u + 4. Let h(v) = c*m(v) + r(v). List the prime factors of h(-3).
2
Let j(h) = 4*h + 20. What are the prime factors of j(6)?
2, 11
What are the prime factors of (-238)/(-2) + (8 - 6)?
11
Let m(u) = 410 - 59*u - 410. List the prime factors of m(-1).
59
Let g = -158 + 259. What are the prime factors of g?
101
Suppose 3*m - 5 = 19. What are the prime factors of 2/1 + 3 + m?
13
Let n(y) = 2*y - 21. Let d be n(12). What are the prime factors of d - (0 - 3 - 1)?
7
Let n(x) be the third derivative of -x**6/120 - x**5/10 - 5*x**4/24 + 7*x**3/6 + 2*x**2. What are the prime factors of n(-5)?
7
Let a(j) = -j**3 - 11*j**2 + 10*j - 2. List the prime factors of a(-12).
2, 11
Let m be -16*1*(-81)/12. What are the prime factors of (m/42)/((-3)/(-14))?
2, 3
Let u(p) = 10*p - 22. List the prime factors of u(9).
2, 17
Let p = -661 - -416. What are the prime factors of (2 + -4)*p/14?
5, 7
Suppose 0 = -2*t + d + 10, -5 = -t - 3*d + 2*d. Let k(v) = 8*v. Let y be k(4). Suppose -c + t*c = y. List the prime factors of c.
2
Suppose 18 = 5*i - m, m - 3 = -1. Suppose -3*n + n + 34 = k, 0 = 3*n + i*k - 56. List the prime factors of n.
2
Let b(f) = f**2 - 8*f - 9. Let w be b(9). Suppose w = -g + 5*g - 96. What are the prime factors of g?
2, 3
Let w = 0 - -6. Suppose -5*a + 136 = w. List the prime factors of a.
2, 13
Let c(o) be the third derivative of -1/20*o**5 + 0 - 1/8*o**4 - 1/120*o**6 - 2*o**2 + 0*o - 1/3*o**3. What are the prime factors of c(-3)?
7
Suppose 4*u - l - 256 - 957 = 0, u - 316 = -4*l. What are the prime factors of u?
2, 19
Let n = 45 + -30. List the prime factors of (-5)/(n/(-102)) + -3.
31
Let p(o) = 93*o + 8. What are the prime factors of p(2)?
2, 97
Suppose 5*i + 153 - 1372 = 4*m, 4*i - 1008 = -5*m. List the prime factors of i.
13, 19
Let u = -6 - -11. Suppose 4*m = -5*r - 10, 5*m + 2*r - u*r = 6. Suppose -20 = -2*c - m. List the prime factors of c.
2, 5
Suppose -4*d - 2*i = -3*i - 512, -5*i = 5*d - 665. What are the prime factors of d?
3, 43
List the prime factors of (8/(-10))/(26/(-845)).
2, 13
List the prime factors of -5*-12*(-2)/(-15).
2
Suppose t + 22 = -t. Let q(o) = 10*o + 9*o**2 + 5 + 14*o**2 + 10*o**2 - 32*o**2. List the prime factors of q(t).
2
List the prime factors of (-1 - -2)/(3471/(-579) + 6).
193
Let f(y) = -3 - 13*y + 0 - 2. Let m be f(-6). Suppose -3*u + 9 = 0, 5*k - k = u + m. List the prime factors of k.
19
Let k be 1 - 2 - (-3 - 1). List the prime factors of k/((-7)/4 - -2).
2, 3
Suppose 6*a = a + 330. List the prime factors of a.
2, 3, 11
Suppose -4*g = -16 - 16. What are the prime factors of g?
2
Let p(z) = -z**3 - 5*z**2 + 8*z + 9. Let m be p(-6). Let h(n) = -n + 3. List the prime factors of h(m).
2, 3
Let i(v) = 2*v. Let u be i(2). Suppose -x + 8 = 7*x. Suppose r + 8 = u*p, 4*r - p - 27 = x. What are the prime factors of r?
2
Let g(p) = 26*p**2 + 1. List the prime factors of g(-1).
3
Suppose 0 = -19*z + 20*z - 207. What are the prime factors of z?
3, 23
Let l be (-2)/(-3)*(-18)/(-4). What are the prime factors of 6/4*2*l?
3
Suppose 0 = 4*m - 108 - 52. List the prime factors of m.
2, 5
Suppose -4*h = -3*f + 1334 - 558, -3*f - 2*h + 764 = 0. List the prime factors of f.
2
Let j be (1 + 2)/((-15)/(-10)). Suppose 0 = -0*r - r + j. What are the prime factors of r?
2
Let k = -40 - -105. Let c = k - 33. What are the prime factors of c?
2
Suppose -4*t + 4 = -32. Let d = 20 - t. Let h = d + 1. List the prime factors of h.
2, 3
Let i = -13 - -18. Suppose -f = -i*f + 32. List the prime factors of f.
2
Let i be ((-2)/1)/((-6)/63). Let j = -15 + i. Suppose -9 = -3*t + j, -4*t + 80 = 4*g. What are the prime factors of g?
3, 5
Let a(y) = -y**3 - 5*y**2 + 6*y - 1. Let r be a(-6). Let j be r/((-1)/38 + 0). List the prime factors of (j/3)/((-2)/(-3)).
19
Let g = 66 - 47. Suppose -5*m + g = 3*s, -9*m - 47 = -3*s - 7*m. What are the prime factors of s?
13
Suppose 3*k = -k + 16. Let y(n) = 2*n**2 + n - 2. What are the prime factors of y(k)?
2, 17
Let g be -1 + (-5)/(-1) + -2. Let t(w) = w**2 + 2*w - 2. What are the prime factors of t(g)?
2, 3
Let m = -277 + 495. What are the prime factors of m?
2, 109
Suppose 0 = 3*n - 40 - 14. Suppose 3*l + n = 60. List the prime factors of l.
2, 7
Suppose 6*t - 8 = 2*t. Suppose -t*c + c = -24. List the prime factors of c.
2, 3
Let z be (-2 - 3)/(-3 + 2). Suppose 2*n - 4*q - 44 = 26, -z*n + 2*q = -191. List the prime factors of n.
3, 13
Suppose a - 6*a - 45 = 0. Let p = 13 + a. Suppose 61 = 5*n - p. List the prime factors of n.
13
Suppose -x - 30 = -2*x. Suppose z = -z + x. What are the prime factors of z?
3, 5
Suppose -4*z + 209 + 11 = 0. List the prime factors of z.
5, 11
Let u = -4 + 8. Suppose 18 = -3*n + u*n. What are the prime factors of n?
2, 3
Suppose -z + 3*c = -62, 348 = 5*z - 2*c + 6*c. List the prime factors of z.
2, 17
Let s(q) = 2*q**2 - q + 1. Let l be 6/(-2) - 0 - -5. What are the prime factors of s(l)?
7
Let z be 0/2*(4 - 3). Suppose z = 4*q - q + 21. Let u(f) = -f - 2. List the prime factors of u(q).
5
Let h be (1 - -1)/(7/231). Let l = h - 39. List the prime factors of l.
3
Let u = -160 + 166. List the prime factors of u.
2, 3
Suppose -3*o + 84 = 4*u - 2*u, 5*o - 49 = -u. Let q = -22 + u. What are the prime factors of q?
17
Let m(t) = -t**3 + 10*t**2 + 17*t - 10. Let n be m(12). What are the prime factors of -3*(-1)/((-6)/n)?
47
Suppose 2*g = -4*s - 20, -3 + 5 = -2*s + g. Let a = 10 + s. List the prime factors of a.
7
List the prime factors of -1 + (2 - 3) + 238.
2, 59
Let f(c) = -c**3 - c. Let t(k) = -3*k**3 + 13*k**2 - 12*k - 4. Let z(a) = -2*f(a) + t(a). What are the prime factors of z(12)?
2, 5
Let y(f) = f - 1. Let m(l) = 4*l - 6. Let d(o) = m(o) - 2*y(o). Let a be d(4). Suppose -30 = -a*r + r. List the prime factors of r.
2, 5
Suppose 3*q - 228 = -0*q. Suppose -l - 3*l + q = 0. List the prime factors of l.
19
Let b(t) = -t**3 + 3*t**2 + t + 1. Let a be b(2). Let z be 2/a - 8/28. Suppose z = -5*f + f + 24. List the prime factors of f.
2, 3
Let q(y) = 3 + 15*y**3 + 2*y - 1 - 3. Let v be q(1). Suppose -4*z = -3*z - v. List the prime factors of z.
2
Let q = -83 - -143. Suppose 3*p = -2*p + q. What are the prime factors of p?
2, 3
Suppose 6*x - 5*x = 32. Suppose 5*m - 160 = -0*m - 3*i, 3*i - x = -m. What are the prime factors of m?
2
Let d = 1 + 2. Suppose -d*y + 108 = y. List the prime factors of y.
3
Suppose 0 = -3*h + 5 - 2. Let q(f) = -f**2 - 4*f - 3*f**2 - f**2 + 6*f**2 - h. What are the prime factors of q(6)?
11
Let a(b) = -b**2 - b + 5. Let m be a(4). Let f = m + 22. Suppose -g - 3*z = f, g = 4*z - 5*z - 1. List the prime factors of g.
2
Let s(d) = -8*d + 23. Let g(a) = 3*a - 8. Let y(f) = -11*g(f) - 4*s(f). Let k be y(-7). What are the prime factors of ((-8)/k)/((-3)/9)?
2
Let q be 2/3*3 - -5. Let k(h) = 7*h**3 + 5*h**2 + 13*h - 1. Let t(m) = 10*m**3 + 8*m**2 + 19*m - 1. Let o(l) = q*k(l) - 5*t(l). List the prime factors of o(-5).
2, 3
Let j = 169 - 72. What are the prime factors of j?
97
Suppose y - 4*k = 20 + 38, 3*y + 2*k - 160 = 0. List the prime factors of y.
2, 3
Suppose 5*v + 20 = v. Let x(p) = -5*p**2 + 7*p. Let y(j) = 9*j**2 - 14*j - 1. Let u(o) = 11*x(o) + 6*y(o). List the prime factors of u(v).
2
Suppose d - 2*d + 4 = 0. Suppose i - 2*h + d = 9, 3*h = 3*i - 30. List the prime factors of i.
3, 5
What are the prime factors of ((-1)/2)/((-12)/600)?
5
Let c = -81 + 45. Let d = 5 - c. List the prime factors of d.
41
Let p be (-2)/3*(-6)/4. Let y be -1 + (p + -1 - -5). Suppose -y*f = -5 - 3. List the prime factors of f.
2
Suppose -5*h - 31 = 24. Let x(k) = -5*k**3 